{"id":364,"date":"2022-08-30T12:07:08","date_gmt":"2022-08-30T09:07:08","guid":{"rendered":"https:\/\/usre.ee\/goldengate\/?page_id=364"},"modified":"2022-09-14T10:17:06","modified_gmt":"2022-09-14T07:17:06","slug":"privaatsuspoliitika-ja-isikuandmete-tootlemine","status":"publish","type":"page","link":"https:\/\/usre.ee\/goldengate\/privaatsuspoliitika-ja-isikuandmete-tootlemine\/","title":{"rendered":"Privaatsuspoliitika ja isikuandmete t\u00f6\u00f6tlemine"},"content":{"rendered":"\n<p class=\"has-text-align-center\"><strong>Rotermann Pluss O\u00dc<br><\/strong>registrikood 16261671, Rotermanni tn 8, Tallinn 10111, e-post info@rotermann.eu<br><strong>isikuandmete kasutamise tingimused<\/strong><\/p>\n\n\n\n<p class=\"has-text-align-left\"><strong><br>Isikuandmed. Isikuandmete t\u00f6\u00f6tlemine<\/strong><\/p>\n\n\n\n<p class=\"has-text-align-left\">Isikuandmed on igasugune inimesega seostatav teave nagu nimi, isikukood, e-post, telefoni nr jm konkreetse inimesega seostatavad andmed.<\/p>\n\n\n\n<p class=\"has-text-align-left\">Isikuandmete t\u00f6\u00f6tlemine on igasugune isikuandmetega tehtav toiming, sealhulgas isikuandmete kogumine, korrastamine, s\u00e4ilitamine, muutmine, lugemine, kasutamine, edastamine, \u00fchendamine, kustutamine.<\/p>\n\n\n\n<p class=\"has-text-align-left\"><strong>Andmete t\u00f6\u00f6tlemise eesm\u00e4rk ja \u00f5iguslik alus<\/strong><\/p>\n\n\n\n<p class=\"has-text-align-left\">Rotermann Pluss O\u00dc (edaspidi <strong>Rotermann Pluss<\/strong>) osutab \u00e4rikinnisvara \u00fc\u00fcriteenust (annab \u00e4riruume \u00fc\u00fcrile) ja sellega seotud lisateenuseid (nt \u00fc\u00fcriga seotud k\u00f5rvalteenused). Rotermann Pluss kasutab isikuandmeid eelnimetatud teenuse osutamiseks, samuti turu-uuringuteks, otseturunduseks, teenuste arendamiseks ja teenuse kvaliteedi tagamiseks.<\/p>\n\n\n\n<p class=\"has-text-align-left\">Peamised isikuandmed, mida Rotermann Pluss kasutab, on kliendi esindaja, t\u00f6\u00f6taja ja muu abilise nimi, e-post ja telefoninumber.<\/p>\n\n\n\n<p class=\"has-text-align-left\">Isikuandmete t\u00f6\u00f6tlemise esmane \u00f5iguslik alus on Rotermann Plussi ja kliendi vaheline leping, samuti \u00f5igusnormist tulenev alus ja kliendi n\u00f5usolek. Isikuandmete kasutamise aluseks v\u00f5ib olla ka Rotermann Plussi v\u00f5i muu isiku \u00f5igustatud huvi, millest informeerime klienti eraldi.<\/p>\n\n\n\n<p class=\"has-text-align-left\">Rotermann Pluss ei kasuta isikuandmeid automatiseeritud otsuste tegemiseks, kui see tingib kliendi \u00f5iguste piiramise (nt keelduv otsus).<\/p>\n\n\n\n<p class=\"has-text-align-left\"><strong>K\u00fcpsised<\/strong><\/p>\n\n\n\n<p class=\"has-text-align-left\">Rotermann Pluss kasutab veebilehel k\u00fcpsiseid (ingl k <em>Cookies<\/em>), avaldades lehel sellesisulise teate ja k\u00fcsides vajadusel veebilehe kasutaja n\u00f5usolekut. K\u00fcpsis on v\u00e4ike tekstifail, mida veebileht salvestab kasutaja arvutisse v\u00f5i nutiseadmesse. See v\u00f5imaldab talletada infot veebilehe kasutaja eelistuste kohta, nii et kasutaja ei pea lehte uuesti k\u00fclastades v\u00f5i lehti sirvides uuesti valikuid tegema.<\/p>\n\n\n\n<p class=\"has-text-align-left\"><strong>Isikuandmete allikad<\/strong><\/p>\n\n\n\n<p class=\"has-text-align-left\">Rotermann Pluss kasutab isikuandmeid lepingu alusel teenuste osutamiseks ja saab selleks andmeid oma lepingupartneri (klient) k\u00e4est. Kui kliendilt ei ole v\u00f5imalik lepingu t\u00e4itmiseks vajalikke andmeid saada, v\u00f5ib kannatada teenuse osutamise kvaliteet v\u00f5i teenus muutuda kliendile kulukamaks vm viisil ebasoodsamaks.<\/p>\n\n\n\n<p class=\"has-text-align-left\">Rotermann Pluss v\u00f5ib lisaks kliendi esitatud andmetele saada andmeid teiste isikute k\u00e4est. Nt kinnisvara \u00fc\u00fcrilepingu s\u00f5lmimisel v\u00f5ime kliendi maksev\u00f5imes veendumiseks k\u00fcsida andmeid krediidiv\u00f5imelisuse ja makseh\u00e4irete andmeid haldavalt teenusepakkujalt. Saame isikuandmeid ka avalikest registritest.<\/p>\n\n\n\n<p><strong>Isikuandmete avaldamine<\/strong><\/p>\n\n\n\n<p>Rotermann Pluss hoiab isikuandmeid konfidentsiaalsena ja ei anna neid reeglina edasi teisele isikule. Erandina annab Rotermann Pluss isikuandmeid volitatud t\u00f6\u00f6tlejale, kui see on vajalik kliendiga s\u00f5lmitud lepingu t\u00e4itmiseks, v\u00f5i kui selleks on kliendi n\u00f5usolek v\u00f5i muu \u00f5iguslik alus.<\/p>\n\n\n\n<p>Rotermann Pluss edastab isikuandmeid volitatud t\u00f6\u00f6tlejale lepingu alusel, millega volitatud t\u00f6\u00f6tleja kohustub hoidma isikuandmed konfidentsiaalsena ja v\u00f5ib kasutada neid \u00fcksnes lepingus m\u00e4\u00e4ratud otstarbel. Rotermann Pluss v\u00f5ib teenuste osutamisel kasutada volitatud t\u00f6\u00f6tlejaid ja edastada neile isikuandmeid eelk\u00f5ige:<br>\u2022 kokkulepitud teenuse osutamiseks (ruumide \u00fc\u00fcr);<br>\u2022 isikuandmete hoidmiseks (serveriteenus);<br>\u2022 IKT teenuste toimimiseks (IT-partnerid);<br>\u2022 teenustega seotud reklaamiks ja turunduseks (soodustused, pakkumised);<br>\u2022 v\u00f5lgnevuste sissen\u00f5udmiseks (makseh\u00e4ireregistrid, inkassoettev\u00f5tjad).<br>Rotermann Pluss ei edasta isikuandmeid Euroopa Liidu ja Euroopa Majanduspiirkonna v\u00e4lisesse kolmandasse riiki, kus puudub piisav isikuandmete kaitse tase.<\/p>\n\n\n\n<p><strong>Isikuandmete s\u00e4ilitamine<\/strong><\/p>\n\n\n\n<p>Rotermann Pluss s\u00e4ilitab isikuandmeid kuni nende kasutamise eesm\u00e4rgi ammendumiseni. Kui isikuandmeid ei ole nende kasutamise eesm\u00e4rgil enam vajalikud, kustutame need. Kui andmed on seotud lepingust v\u00f5i seadusest tuleneva \u00f5igussuhtega, v\u00f5ime s\u00e4ilitada andmeid seni, kuni need on vajalikud \u00f5igusn\u00f5ude koostamiseks, esitamiseks v\u00f5i kaitsmiseks.<\/p>\n\n\n\n<p><strong>Isiku \u00f5igused<\/strong><\/p>\n\n\n\n<p>Isikul (andmesubjekt) on vastavalt isikuandmete kaitse \u00fcldm\u00e4\u00e4rusele (EL) 2016\/679 \u00f5igus:<br>\u2022 tutvuda oma isikuandmetega ja n\u00f5uda eba\u00f5igete andmete parandamist;<br>\u2022 n\u00f5uda isikuandmete kustutamist v\u00f5i kasutamise piiramist;<br>\u2022 n\u00f5uda isikuandmete \u00fclekandmist;<br>\u2022 esitada isikuandmete kasutamisele vastuv\u00e4iteid;<br>\u2022 n\u00f5uda, et tema kohta ei v\u00f5etaks otsust, mis p\u00f5hineb \u00fcksnes automatiseeritud andmet\u00f6\u00f6tlusel;<br>\u2022 v\u00f5tta isikuandmete kasutamiseks antud n\u00f5usolek igal ajal tagasi;<br>\u2022 esitada isikuandmete t\u00f6\u00f6tlemise kohta kaebus andmekaitseasutusele ja kohtule.<\/p>\n\n\n\n<p><strong>T\u00e4iendav teave<\/strong><\/p>\n\n\n\n<p>Isikuandmetega seotud k\u00fcsimuste korral saatke palun e-kiri aadressile info@rotermann.eu.<br>Vastame Teie isikuandmetega seotud p\u00e4ringule, kui oleme p\u00e4ringus m\u00e4rgitud isikuandmete vastutav t\u00f6\u00f6tleja. Juhindume vastamisel isikuandmete kaitse \u00fcldm\u00e4\u00e4ruse jm \u00f5igusaktide tingimustest.<\/p>\n\n\n\n<p>Koostatud: august 2022.<\/p>\n","protected":false},"excerpt":{"rendered":"Rotermann Pluss O\u00dcregistrikood 16261671, Rotermanni tn 8, Tallinn 10111, e-post info@rotermann.euisikuandmete kasutamise tingimused Isikuandmed. Isikuandmete t\u00f6\u00f6tlemine Isikuandmed on igasugune inimesega seostatav teave nagu nimi, isikukood, e-post, telefoni nr jm konkreetse inimesega seostatavad andmed. Isikuandmete t\u00f6\u00f6tlemine on igasugune isikuandmetega tehtav toiming, sealhulgas isikuandmete kogumine, korrastamine, s\u00e4ilitamine, muutmine, lugemine, kasutamine, edastamine, \u00fchendamine, kustutamine. Andmete t\u00f6\u00f6tlemise eesm\u00e4rk ja [&hellip;]","protected":false},"author":1,"featured_media":0,"parent":0,"menu_order":0,"comment_status":"closed","ping_status":"closed","template":"","meta":[],"acf":[],"yoast_head":"<!-- This site is optimized with the Yoast SEO plugin v19.7 - https:\/\/yoast.com\/wordpress\/plugins\/seo\/ -->\n<title>Privaatsuspoliitika ja isikuandmete t\u00f6\u00f6tlemine - Golden Gate<\/title>\n<meta name=\"robots\" content=\"index, follow, max-snippet:-1, max-image-preview:large, max-video-preview:-1\" \/>\n<link rel=\"canonical\" href=\"https:\/\/usre.ee\/goldengate\/privaatsuspoliitika-ja-isikuandmete-tootlemine\/\" \/>\n<meta property=\"og:locale\" content=\"et_EE\" \/>\n<meta property=\"og:type\" content=\"article\" \/>\n<meta property=\"og:title\" content=\"Privaatsuspoliitika ja isikuandmete t\u00f6\u00f6tlemine - Golden Gate\" \/>\n<meta property=\"og:description\" content=\"Rotermann Pluss O\u00dcregistrikood 16261671, Rotermanni tn 8, Tallinn 10111, e-post info@rotermann.euisikuandmete kasutamise tingimused Isikuandmed. Isikuandmete t\u00f6\u00f6tlemine Isikuandmed on igasugune inimesega seostatav teave nagu nimi, isikukood, e-post, telefoni nr jm konkreetse inimesega seostatavad andmed. Isikuandmete t\u00f6\u00f6tlemine on igasugune isikuandmetega tehtav toiming, sealhulgas isikuandmete kogumine, korrastamine, s\u00e4ilitamine, muutmine, lugemine, kasutamine, edastamine, \u00fchendamine, kustutamine. Andmete t\u00f6\u00f6tlemise eesm\u00e4rk ja [&hellip;]\" \/>\n<meta property=\"og:url\" content=\"https:\/\/usre.ee\/goldengate\/privaatsuspoliitika-ja-isikuandmete-tootlemine\/\" \/>\n<meta property=\"og:site_name\" content=\"Golden Gate\" \/>\n<meta property=\"article:modified_time\" content=\"2022-09-14T07:17:06+00:00\" \/>\n<meta property=\"og:image\" content=\"https:\/\/usre.ee\/goldengate\/wp-content\/uploads\/2022\/10\/Golden_Gate.jpg\" \/>\n\t<meta property=\"og:image:width\" content=\"1200\" \/>\n\t<meta property=\"og:image:height\" content=\"630\" \/>\n\t<meta property=\"og:image:type\" content=\"image\/jpeg\" \/>\n<meta name=\"twitter:card\" content=\"summary_large_image\" \/>\n<script type=\"application\/ld+json\" class=\"yoast-schema-graph\">{\"@context\":\"https:\/\/schema.org\",\"@graph\":[{\"@type\":\"WebPage\",\"@id\":\"https:\/\/usre.ee\/goldengate\/privaatsuspoliitika-ja-isikuandmete-tootlemine\/\",\"url\":\"https:\/\/usre.ee\/goldengate\/privaatsuspoliitika-ja-isikuandmete-tootlemine\/\",\"name\":\"Privaatsuspoliitika ja isikuandmete t\u00f6\u00f6tlemine - Golden Gate\",\"isPartOf\":{\"@id\":\"https:\/\/usre.ee\/goldengate\/#website\"},\"datePublished\":\"2022-08-30T09:07:08+00:00\",\"dateModified\":\"2022-09-14T07:17:06+00:00\",\"breadcrumb\":{\"@id\":\"https:\/\/usre.ee\/goldengate\/privaatsuspoliitika-ja-isikuandmete-tootlemine\/#breadcrumb\"},\"inLanguage\":\"et\",\"potentialAction\":[{\"@type\":\"ReadAction\",\"target\":[\"https:\/\/usre.ee\/goldengate\/privaatsuspoliitika-ja-isikuandmete-tootlemine\/\"]}]},{\"@type\":\"BreadcrumbList\",\"@id\":\"https:\/\/usre.ee\/goldengate\/privaatsuspoliitika-ja-isikuandmete-tootlemine\/#breadcrumb\",\"itemListElement\":[{\"@type\":\"ListItem\",\"position\":1,\"name\":\"Home\",\"item\":\"https:\/\/usre.ee\/goldengate\/\"},{\"@type\":\"ListItem\",\"position\":2,\"name\":\"Privaatsuspoliitika ja isikuandmete t\u00f6\u00f6tlemine\"}]},{\"@type\":\"WebSite\",\"@id\":\"https:\/\/usre.ee\/goldengate\/#website\",\"url\":\"https:\/\/usre.ee\/goldengate\/\",\"name\":\"Golden Gate\",\"description\":\"\",\"publisher\":{\"@id\":\"https:\/\/usre.ee\/goldengate\/#organization\"},\"potentialAction\":[{\"@type\":\"SearchAction\",\"target\":{\"@type\":\"EntryPoint\",\"urlTemplate\":\"https:\/\/usre.ee\/goldengate\/?s={search_term_string}\"},\"query-input\":\"required name=search_term_string\"}],\"inLanguage\":\"et\"},{\"@type\":\"Organization\",\"@id\":\"https:\/\/usre.ee\/goldengate\/#organization\",\"name\":\"Golden Gate\",\"url\":\"https:\/\/usre.ee\/goldengate\/\",\"sameAs\":[],\"logo\":{\"@type\":\"ImageObject\",\"inLanguage\":\"et\",\"@id\":\"https:\/\/usre.ee\/goldengate\/#\/schema\/logo\/image\/\",\"url\":\"https:\/\/usre.ee\/goldengate\/wp-content\/uploads\/2022\/08\/golden_gate_logo.svg\",\"contentUrl\":\"https:\/\/usre.ee\/goldengate\/wp-content\/uploads\/2022\/08\/golden_gate_logo.svg\",\"caption\":\"Golden Gate\"},\"image\":{\"@id\":\"https:\/\/usre.ee\/goldengate\/#\/schema\/logo\/image\/\"}}]}<\/script>\n<!-- \/ Yoast SEO plugin. -->","yoast_head_json":{"title":"Privaatsuspoliitika ja isikuandmete t\u00f6\u00f6tlemine - Golden Gate","robots":{"index":"index","follow":"follow","max-snippet":"max-snippet:-1","max-image-preview":"max-image-preview:large","max-video-preview":"max-video-preview:-1"},"canonical":"https:\/\/usre.ee\/goldengate\/privaatsuspoliitika-ja-isikuandmete-tootlemine\/","og_locale":"et_EE","og_type":"article","og_title":"Privaatsuspoliitika ja isikuandmete t\u00f6\u00f6tlemine - Golden Gate","og_description":"Rotermann Pluss O\u00dcregistrikood 16261671, Rotermanni tn 8, Tallinn 10111, e-post info@rotermann.euisikuandmete kasutamise tingimused Isikuandmed. Isikuandmete t\u00f6\u00f6tlemine Isikuandmed on igasugune inimesega seostatav teave nagu nimi, isikukood, e-post, telefoni nr jm konkreetse inimesega seostatavad andmed. Isikuandmete t\u00f6\u00f6tlemine on igasugune isikuandmetega tehtav toiming, sealhulgas isikuandmete kogumine, korrastamine, s\u00e4ilitamine, muutmine, lugemine, kasutamine, edastamine, \u00fchendamine, kustutamine. Andmete t\u00f6\u00f6tlemise eesm\u00e4rk ja [&hellip;]","og_url":"https:\/\/usre.ee\/goldengate\/privaatsuspoliitika-ja-isikuandmete-tootlemine\/","og_site_name":"Golden Gate","article_modified_time":"2022-09-14T07:17:06+00:00","og_image":[{"width":1200,"height":630,"url":"https:\/\/usre.ee\/goldengate\/wp-content\/uploads\/2022\/10\/Golden_Gate.jpg","type":"image\/jpeg"}],"twitter_card":"summary_large_image","schema":{"@context":"https:\/\/schema.org","@graph":[{"@type":"WebPage","@id":"https:\/\/usre.ee\/goldengate\/privaatsuspoliitika-ja-isikuandmete-tootlemine\/","url":"https:\/\/usre.ee\/goldengate\/privaatsuspoliitika-ja-isikuandmete-tootlemine\/","name":"Privaatsuspoliitika ja isikuandmete t\u00f6\u00f6tlemine - Golden Gate","isPartOf":{"@id":"https:\/\/usre.ee\/goldengate\/#website"},"datePublished":"2022-08-30T09:07:08+00:00","dateModified":"2022-09-14T07:17:06+00:00","breadcrumb":{"@id":"https:\/\/usre.ee\/goldengate\/privaatsuspoliitika-ja-isikuandmete-tootlemine\/#breadcrumb"},"inLanguage":"et","potentialAction":[{"@type":"ReadAction","target":["https:\/\/usre.ee\/goldengate\/privaatsuspoliitika-ja-isikuandmete-tootlemine\/"]}]},{"@type":"BreadcrumbList","@id":"https:\/\/usre.ee\/goldengate\/privaatsuspoliitika-ja-isikuandmete-tootlemine\/#breadcrumb","itemListElement":[{"@type":"ListItem","position":1,"name":"Home","item":"https:\/\/usre.ee\/goldengate\/"},{"@type":"ListItem","position":2,"name":"Privaatsuspoliitika ja isikuandmete t\u00f6\u00f6tlemine"}]},{"@type":"WebSite","@id":"https:\/\/usre.ee\/goldengate\/#website","url":"https:\/\/usre.ee\/goldengate\/","name":"Golden Gate","description":"","publisher":{"@id":"https:\/\/usre.ee\/goldengate\/#organization"},"potentialAction":[{"@type":"SearchAction","target":{"@type":"EntryPoint","urlTemplate":"https:\/\/usre.ee\/goldengate\/?s={search_term_string}"},"query-input":"required name=search_term_string"}],"inLanguage":"et"},{"@type":"Organization","@id":"https:\/\/usre.ee\/goldengate\/#organization","name":"Golden Gate","url":"https:\/\/usre.ee\/goldengate\/","sameAs":[],"logo":{"@type":"ImageObject","inLanguage":"et","@id":"https:\/\/usre.ee\/goldengate\/#\/schema\/logo\/image\/","url":"https:\/\/usre.ee\/goldengate\/wp-content\/uploads\/2022\/08\/golden_gate_logo.svg","contentUrl":"https:\/\/usre.ee\/goldengate\/wp-content\/uploads\/2022\/08\/golden_gate_logo.svg","caption":"Golden Gate"},"image":{"@id":"https:\/\/usre.ee\/goldengate\/#\/schema\/logo\/image\/"}}]}},"_links":{"self":[{"href":"https:\/\/usre.ee\/goldengate\/wp-json\/wp\/v2\/pages\/364"}],"collection":[{"href":"https:\/\/usre.ee\/goldengate\/wp-json\/wp\/v2\/pages"}],"about":[{"href":"https:\/\/usre.ee\/goldengate\/wp-json\/wp\/v2\/types\/page"}],"author":[{"embeddable":true,"href":"https:\/\/usre.ee\/goldengate\/wp-json\/wp\/v2\/users\/1"}],"replies":[{"embeddable":true,"href":"https:\/\/usre.ee\/goldengate\/wp-json\/wp\/v2\/comments?post=364"}],"version-history":[{"count":7,"href":"https:\/\/usre.ee\/goldengate\/wp-json\/wp\/v2\/pages\/364\/revisions"}],"predecessor-version":[{"id":675,"href":"https:\/\/usre.ee\/goldengate\/wp-json\/wp\/v2\/pages\/364\/revisions\/675"}],"wp:attachment":[{"href":"https:\/\/usre.ee\/goldengate\/wp-json\/wp\/v2\/media?parent=364"}],"curies":[{"name":"wp","href":"https:\/\/api.w.org\/{rel}","templated":true}]}}